3, 5, 29, 41, 53
What are the prime factors of 18866979?
3, 83, 8419
List the prime factors of 1155680.
2, 5, 31, 233
List the prime factors of 835037.
7, 119291
What are the prime factors of 9189856?
2, 13, 22091
List the prime factors of 7045819.
11, 640529
What are the prime factors of 149285?
5, 73, 409
What are the prime factors of 138124?
2, 7, 4933
List the prime factors of 6432834.
2, 3, 17, 63067
List the prime factors of 39332246.
2, 19666123
List the prime factors of 4680856.
2, 585107
List the prime factors of 132106.
2, 13, 5081
What are the prime factors of 24492?
2, 3, 13, 157
What are the prime factors of 8138968?
2, 1017371
What are the prime factors of 11094756?
2, 3, 647, 1429
What are the prime factors of 1148753?
1148753
List the prime factors of 2442722.
2, 599, 2039
What are the prime factors of 1946182?
2, 7, 2837
What are the prime factors of 14520716?
2, 7, 518597
What are the prime factors of 62658?
2, 3, 59
What are the prime factors of 1173821?
11, 89, 109
What are the prime factors of 66826?
2, 33413
What are the prime factors of 7977097?
17, 469241
List the prime factors of 73657.
73, 1009
What are the prime factors of 10918766?
2, 1069, 5107
List the prime factors of 9662598.
2, 3, 11, 16267
What are the prime factors of 3801?
3, 7, 181
List the prime factors of 333281.
13, 31, 827
List the prime factors of 13434669.
3, 587, 2543
What are the prime factors of 55729?
23, 2423
List the prime factors of 4814947.
4814947
List the prime factors of 11881085.
5, 251, 9467
What are the prime factors of 1182150?
2, 3, 5, 37, 71
List the prime factors of 128386.
2, 23, 2791
What are the prime factors of 5533?
11, 503
List the prime factors of 24174536.
2, 19, 89, 1787
What are the prime factors of 2643747?
3, 881249
What are the prime factors of 15871405?
5, 11, 288571
What are the prime factors of 78575?
5, 7, 449
List the prime factors of 10172802.
2, 3, 1695467
List the prime factors of 17403741.
3, 29, 31, 239
What are the prime factors of 115566?
2, 3, 11, 17, 103
List the prime factors of 33881131.
33881131
List the prime factors of 3346204.
2, 19, 44029
What are the prime factors of 110218?
2, 55109
What are the prime factors of 156591?
3, 127, 137
What are the prime factors of 1721246?
2, 860623
List the prime factors of 9242274.
2, 3, 23, 66973
List the prime factors of 4660199.
31, 150329
List the prime factors of 1359427.
1359427
What are the prime factors of 261854?
2, 130927
What are the prime factors of 1438403?
41, 35083
What are the prime factors of 797552?
2, 7, 7121
What are the prime factors of 10580917?
71, 149027
What are the prime factors of 440512?
2, 6883
List the prime factors of 854452.
2, 213613
List the prime factors of 618121.
7, 227, 389
List the prime factors of 15371879.
15371879
List the prime factors of 1689761.
61, 27701
What are the prime factors of 218457?
3, 29, 31
List the prime factors of 2173834.
2, 13, 83609
List the prime factors of 6028776.
2, 3, 13, 19, 113
List the prime factors of 604718.
2, 137, 2207
List the prime factors of 754787.
11, 59, 1163
List the prime factors of 78658.
2, 67, 587
What are the prime factors of 1205417?
19, 63443
What are the prime factors of 1823668?
2, 7, 11, 31, 191
List the prime factors of 14952341.
14952341
List the prime factors of 1227299.
1227299
List the prime factors of 450041.
17, 23, 1151
What are the prime factors of 71183?
7, 10169
List the prime factors of 725671.
725671
What are the prime factors of 337407?
3, 7, 16067
List the prime factors of 1153860.
2, 3, 5, 19231
What are the prime factors of 1363438?
2, 681719
List the prime factors of 113990.
2, 5, 11399
List the prime factors of 1213720.
2, 5, 19, 1597
List the prime factors of 4764603.
3, 107, 14843
List the prime factors of 10399173.
3, 47, 131, 563
What are the prime factors of 2551943?
2551943
List the prime factors of 24132.
2, 3, 2011
What are the prime factors of 175000?
2, 5, 7
What are the prime factors of 1621816?
2, 7, 28961
What are the prime factors of 20256318?
2, 3, 19, 6581
What are the prime factors of 2740403?
2740403
What are the prime factors of 16266389?
53, 306913
What are the prime factors of 231132?
2, 3, 11, 17, 103
List the prime factors of 4329850.
2, 5, 7, 89, 139
List the prime factors of 5612018.
2, 223, 12583
What are the prime factors of 493776?
2, 3, 127
What are the prime factors of 1484058?
2, 3, 247343
List the prime factors of 17757231.
3, 17, 348181
What are the prime factors of 622124?
2, 43, 3617
List the prime factors of 747238.
2, 307, 1217
What are the prime factors of 376131?
3, 7, 17911
What are the prime factors of 567012?
2, 3, 47251
List the prime factors of 501919.
11, 103, 443
List the prime factors of 155664.
2, 3, 23, 47
List the prime factors of 48437.
48437
What are the prime factors of 753754?
2, 103, 3659
What are the prime factors of 137625?
3, 5, 367
List the prime factors of 409826.
2, 204913
What are the prime factors of 3433363?
587, 5849
What are the prime factors of 32543145?
3, 5, 723181
What are the prime factors of 28302?
2, 3, 53, 89
What are the prime factors of 4143880?
2, 5, 13, 613
List the prime factors of 94009.
94009
What are the prime factors of 14920904?
2, 173, 10781
What are the prime factors of 6575143?
6575143
List the prime factors of 11565568.
2, 7, 461
What are the prime factors of 1551819?
3, 29, 17837
What are the prime factors of 767087?
19, 47, 859
What are the prime factors of 110755?
5, 17, 1303
List the prime factors of 853965.
3, 5, 7, 2711
What are the prime factors of 1614346?
2, 139, 5807
List the prime factors of 2708181.
3, 7, 23, 89
What are the prime factors of 1573809?
3, 17, 30859
List the prime factors of 11521217.
313, 36809
List the prime factors of 3070270.
2, 5, 7, 23, 1907
List the prime factors of 98901.
3, 11, 37
What are the prime factors of 6169299?
3, 107, 19219
List the prime factors of 46182.
2, 3, 43, 179
What are the prime factors of 2320349?
541, 4289
What are the prime factors of 217657?
11, 47, 421
What are the prime factors of 3283108?
2, 17, 48281
List the prime factors of 14890617.
3, 7, 71, 3329
What are the prime factors of 57802?
2, 28901
What are the prime factors of 359626?
2, 179813
List the prime factors of 2552342.
2, 13, 89, 1103
List the prime factors of 1013693.
17, 59629
List the prime factors of 650201.
37, 17573
List the prime factors of 50879.
83, 613
What are the prime factors of 4760946?
2, 3, 59, 4483
List the prime factors of 3624747.
3, 7, 172607
List the prime factors of 103836.
2, 3, 17, 509
What are the prime factors of 2836645?
5, 7, 81047
List the prime factors of 10072236.
2, 3, 839353
What are the prime factors of 1180310?
2, 5, 17, 53, 131
List the prime factors of 2617927.
13, 277, 727
List the prime factors of 527072.
2, 7, 13, 181
What are the prime factors of 128664?
2, 3, 1787
What are the prime factors of 1089652?
2, 331, 823
What are the prime factors of 337354?
2, 168677
List the prime factors of 60725.
5, 7, 347
List the prime factors of 415986.
2, 3, 19, 41, 89
List the prime factors of 5871768.
2, 3, 7, 4993
What are the prime factors of 4547632?
2, 284227
What are the prime factors of 14057040?
2, 3, 5, 37, 1583
What are the prime factors of 4664581?
4664581
List the prime factors of 12310446.
2, 3, 67, 113, 271
What are the prime factors of 306390?
2, 3, 5, 7, 1459
What are the prime factors of 1581773?
661, 2393
List the prime factors of 1147698.
2, 3, 63761
List the prime factors of 242544.
2, 3, 31, 163
List the prime factors of 48735.
3, 5, 19
List the prime factors of 322350.
2, 3, 5, 7, 307
List the prime factors of 824318.
2, 11, 89, 421
What are the prime factors of 722686?
2, 151, 2393
List the prime factors of 929000.
2, 5, 929
List the prime factors of 8304182.
2, 4152091
What are the prime factors of 1923823?
11, 174893
What are the prime factors of 147790?
2, 5, 14779
What are the prime factors of 7101955?
5, 7, 29, 6997
What are the prime factors of 3055532?
2, 763883
What are the prime factors of 5849222?
2, 23, 127157
What are the prime factors of 483485?
5, 96697
What are the prime factors of 82790?
2, 5, 17, 487
What are the prime factors of 4351364?
2, 1087841
List the prime factors of 1968925